 y and f?
8
Suppose -10*j = -9*j - 70. Let l = j + -58. Calculate the highest common divisor of 8 and l.
4
Suppose -2*r + 0*r = -4. Suppose 11 = -4*k + r*w - 1, 0 = k - 5*w + 12. Let t be (6 - 2) + (k - 1). What is the highest common divisor of t and 1?
1
Suppose 5*y = f + 2116, 5*f = -6 + 1. What is the greatest common divisor of 47 and y?
47
Let h be 1*(-11 - -2) + 0. Let s be (-1168)/(-6) + 5 + 42/h. What is the highest common divisor of s and 39?
39
Let f be 1/(1/13) - 266/38. What is the highest common divisor of f and 78?
6
Let o(c) = c**3 - 8*c**2 + 2*c + 19. Let h = -55 - -63. Let w be o(h). Calculate the highest common divisor of 7 and w.
7
Let b(y) = 74*y + 2. Let z be b(2). Let i be ((-188)/(-1 - 1))/1. Suppose -90*u + i*u = 100. Calculate the greatest common factor of u and z.
25
Let g(f) = 3*f + 22. Let w be g(3). Calculate the highest common divisor of 2573 and w.
31
Let s = 27 + -19. Suppose -f + 4*o + 1 = -19, -5*o = 3*f + s. Suppose 0*p + y - 142 = -5*p, -f*p + 2*y + 108 = 0. What is the highest common factor of p and 7?
7
Let u(n) = 29*n - 659. Let j be u(31). Calculate the greatest common factor of 80 and j.
80
Suppose 74*y - 87*y = -871. What is the highest common divisor of 469 and y?
67
Let h(a) = -11*a - 55. Let b be h(-6). Suppose r - 1 = -0*r. Suppose -r = -2*z + 1. What is the highest common factor of z and b?
1
Suppose -2*k - 47 = -5*s, 5*s - 43 = -33*k + 31*k. What is the greatest common factor of 1314 and s?
9
Let y(m) = -m**2 - 9*m + 7. Let v be y(7). Let s be ((-12)/(-10))/((-2)/v). Calculate the greatest common divisor of s and 7.
7
Suppose 5*r + 43 = 51*i - 47*i, r + 38 = 5*i. Calculate the highest common factor of 77 and i.
7
Let i = -12 - -18. Let n be 0/(i - 4 - 4). Let k be -2 + -1 + n + 38. What is the greatest common divisor of k and 7?
7
Let z be (1/2)/(1/8). Suppose 2*w - 2*i + 279 = 5*w, -3*w - 4*i = -285. Let y = w - 83. Calculate the greatest common factor of z and y.
4
Let n be (1*-26 + 3)*-1. Suppose -9 + n = -p. Let d be (p/6)/(2/(-12)). What is the highest common divisor of 2 and d?
2
Let d = 14 + 16. Suppose -5*l = -15, -4*l + 6*l + 213 = 3*w. Suppose -k + 2 + w = 0. What is the highest common divisor of k and d?
15
Suppose 0 = 5*o + 5*i - 875, o - 4*i - 190 = -2*i. What is the highest common divisor of 45 and o?
45
Let i(l) = -14*l + 2. Suppose 12 - 2 = -2*b. Let m be i(b). Suppose -4*u + 28 = -2*g, -4*u - g + 22 = -2*u. Calculate the highest common factor of u and m.
9
Let w = -391 + 580. What is the highest common divisor of w and 21?
21
Let j = 6 + -870. Let q be (-5)/(-1)*(j/(-40))/9. Calculate the greatest common factor of q and 132.
12
Suppose -3*k + 5*k = 154. Let n(y) = y**2 + 7*y + 9. Let i be n(-6). Suppose 22 = i*c - c. What is the greatest common divisor of k and c?
11
Let i(w) = w**3 - 5*w**2 + 3*w - 3. Let p be i(5). Calculate the highest common factor of 108 and p.
12
Suppose -13*b = l - 9*b - 52, 0 = 3*l - b - 208. What is the greatest common factor of l and 374?
34
Let o = -37 + 41. Calculate the highest common divisor of o and 556.
4
Suppose -4*i + x + 1013 = 0, -122 = 2*i - 4*x - 646. Let c(u) = u**3 + 8*u**2 + 7*u + 6. Let t be c(-6). What is the highest common divisor of i and t?
36
Suppose -5*z + 2 = 2*o - 0*z, 3*o - z - 3 = 0. Let n be 13/o - (-7 - -10). Let l = 64 + 6. What is the greatest common divisor of n and l?
10
Let x be 26/(4 - ((-536)/(-60) + -5)). Calculate the greatest common factor of 104 and x.
26
Suppose -3*f - 5*p = 10, 5*f - 1 = -3*p - 7. Let j be (-3 - -1) + f + -14. Let x be 870/48 + 2/j. Calculate the highest common divisor of x and 27.
9
Let k(o) = 2*o**2 + 13*o - 14. Suppose -5*t = -1 - 4. Let q = -12 + t. Let x be k(q). What is the greatest common factor of x and 17?
17
Let y = -8 + 11. Let f(i) = 2*i**2 + 12*i + 24. Let x be f(-6). What is the greatest common factor of y and x?
3
Suppose -l - 2 + 4 = 0. Suppose -5*c + 20 = l*z - 375, 5*z = 4*c + 1004. Calculate the highest common divisor of 25 and z.
25
Let m be 12*(-1)/(-3) + -2. What is the highest common factor of 46 and m?
2
Suppose 0 = m + m - 280. Let z be 210/m*(-1 + 134/6). Calculate the greatest common factor of z and 16.
16
Suppose 0 = -p - 3*p, 5*p = -3*g + 9. Let k(j) = -5*j + g*j - 18 - 4*j - 3*j. Let l be k(-12). What is the greatest common divisor of l and 18?
18
Let d(q) = -17*q - 158. Let y be d(-12). Calculate the highest common factor of y and 644.
46
Let l(p) = -p - 2. Let d be l(2). Let w be (30/d)/(7/(-84)). Suppose 180 = -0*o + 5*o. What is the greatest common factor of o and w?
18
Suppose -6*b = 2*h - b - 19, 0 = h + 3*b - 8. Let f be -6 - (4 - (7 + 156)). Calculate the highest common factor of f and h.
17
Suppose -g = -2*b + 12, -5*b - 4*g = -11 - 6. Suppose 0*v - v + b*i + 61 = 0, -2*v - i + 67 = 0. Calculate the highest common factor of 9 and v.
9
Let w(c) = c**3 - 8*c**2 + 9*c + 10. Let u be w(7). Suppose 19*s + 20 = u*s. Calculate the highest common factor of s and 6.
2
Let w be 440/30*21/2. Let z(c) = c + 7. Suppose 0*n - 4*n + 5 = -t, -5*t - 2*n = -41. Let y be z(t). What is the highest common factor of w and y?
14
Let s(c) = -c**3 + 7. Let t be s(-2). Calculate the greatest common divisor of t and 375.
15
Suppose -4*n + 19 = -3*l, -n - l + 11 = 2*n. Suppose -4*j + n = -20. What is the highest common factor of 48 and j?
6
Suppose -4*f = p - f - 47, -p + 53 = -3*f. Let b(i) = i**3 - 4*i**2 - 3*i - 4. Let a be b(4). Let s = 36 + a. What is the highest common factor of p and s?
10
Let w be (4 + -2)*1*2. Suppose -w + 14 = p. What is the highest common factor of 25 and p?
5
Let g(k) = -k**2 + 19*k + 2. Let y(o) = -3*o**2 + 39*o + 3. Let m(t) = 5*g(t) - 2*y(t). Let n be m(-21). What is the highest common factor of n and 11?
11
Suppose s = -5*o + 732, 108*s + 291 = 2*o + 109*s. What is the greatest common factor of 21 and o?
21
Let z = -5 - 10. Let h be (-5 + z)*1/(-2). Calculate the highest common factor of 90 and h.
10
Let k be (-91)/39*(-456)/4. What is the highest common divisor of k and 154?
14
Let w(v) = v**2 - 11*v + 53. Let z be w(-12). What is the highest common factor of z and 47?
47
Let c = -152 + 236. Let j = -6 - -20. Calculate the greatest common divisor of j and c.
14
Let g(z) = 34*z**2 + 10*z + 8. Let n be g(-1). What is the greatest common divisor of 12 and n?
4
Let s = -12 - -12. Let m = 2 + s. Suppose p = -2*x - 3*x - 13, -m*p + 16 = -4*x. Calculate the highest common factor of 8 and p.
2
Suppose -107 = -12*h + 13. Suppose -3*q - k + 16 = -q, 0 = -4*k. Suppose h*b = q*b + 30. What is the highest common factor of 5 and b?
5
Suppose 4*g = -4*a + 372, -5*g + 103 = a + 18. What is the greatest common factor of a and 5?
5
Let k(v) = -v + 27. Let f(u) = 2 + 2*u**2 + 28*u - 6 - 23*u. Let t be f(-4). Let q be k(t). Calculate the greatest common factor of 38 and q.
19
Let d(f) = f**3 + 5*f**2 - f + 7. Let p be d(-5). Let z(o) = 3*o**2 + 131*o + 774. Let m be z(-6). Calculate the greatest common divisor of p and m.
12
Let i be 15*(-10)/18*1*-3. Suppose u + 1 - 2 = 3*a, 5*u - a - 47 = 0. Calculate the highest common factor of u and i.
5
Let l = -10 + 15. Let y be 2/4*l/10*52. What is the highest common divisor of 130 and y?
13
Let x(u) = u**3 - 6*u**2 + 7*u - 10. Let b be x(5). Let m = b + 48. Calculate the highest common divisor of 32 and m.
16
Let r(m) = 21*m**2 + 110*m - 32. Let k be r(-10). What is the greatest common divisor of 4 and k?
4
Let r = 30 + -19. Suppose 2*i + 7 = 3*q, i + 0*i - 29 = -5*q. Let d = i + r. What is the greatest common divisor of d and 45?
15
Let y = -64 + 66. Suppose -y*d = -2*a + 4*a + 8, -4*d - 6 = 2*a. What is the greatest common factor of d and 11?
1
Let r = -1608 + 1984. Calculate the greatest common divisor of 470 and r.
94
Suppose l - 13 = 2*s + 29, 0 = 2*s + 10. Calculate the highest common factor of 64 and l.
32
Suppose -4*j - 8 = 4*j. Let s be ((-30)/50)/((-1)/((-15)/j)). What is the highest common factor of s and 108?
9
Let o(w) = w**2 - 19*w + 120. Let l be o(23). Calculate the highest common factor of 106 and l.
106
Let y(q) = -6*q - 9. Let r be y(-11). What is the greatest common factor of 38 and r?
19
Let m = 1646 + -976. What is the highest common factor of 30 and m?
10
Suppose 0 = 4*u + 4*m - 2*m + 12, -5*m - 20 = 5*